{"id":1917,"date":"2021-09-28T21:19:24","date_gmt":"2021-09-29T02:19:24","guid":{"rendered":"https:\/\/tecnometalesperu.com\/?page_id=1917"},"modified":"2021-12-06T21:52:09","modified_gmt":"2021-12-07T02:52:09","slug":"trabajo-a-bordo","status":"publish","type":"page","link":"https:\/\/tecnometalesperu.com\/?page_id=1917","title":{"rendered":"Trabajo a Bordo"},"content":{"rendered":"\t\t<div data-elementor-type=\"wp-page\" data-elementor-id=\"1917\" class=\"elementor elementor-1917\">\n\t\t\t\t\t\t<section class=\"elementor-section elementor-top-section elementor-element elementor-element-4633eba elementor-section-boxed elementor-section-height-default elementor-section-height-default\" data-id=\"4633eba\" data-element_type=\"section\" data-e-type=\"section\">\n\t\t\t\t\t\t<div class=\"elementor-container elementor-column-gap-default\">\n\t\t\t\t\t<div class=\"elementor-column elementor-col-33 elementor-top-column elementor-element elementor-element-0408daa\" data-id=\"0408daa\" data-element_type=\"column\" data-e-type=\"column\">\n\t\t\t<div class=\"elementor-widget-wrap\">\n\t\t\t\t\t\t\t<\/div>\n\t\t<\/div>\n\t\t\t\t<div class=\"elementor-column elementor-col-66 elementor-top-column elementor-element elementor-element-9ebdc7b\" data-id=\"9ebdc7b\" data-element_type=\"column\" data-e-type=\"column\">\n\t\t\t<div class=\"elementor-widget-wrap\">\n\t\t\t\t\t\t\t<\/div>\n\t\t<\/div>\n\t\t\t\t\t<\/div>\n\t\t<\/section>\n\t\t\t\t<section class=\"elementor-section elementor-top-section elementor-element elementor-element-1719fa9 elementor-section-boxed elementor-section-height-default elementor-section-height-default\" data-id=\"1719fa9\" data-element_type=\"section\" data-e-type=\"section\">\n\t\t\t\t\t\t<div class=\"elementor-container elementor-column-gap-default\">\n\t\t\t\t\t<div class=\"elementor-column elementor-col-33 elementor-top-column elementor-element elementor-element-0d232cf\" data-id=\"0d232cf\" data-element_type=\"column\" data-e-type=\"column\">\n\t\t\t<div class=\"elementor-widget-wrap elementor-element-populated\">\n\t\t\t\t\t\t<div class=\"elementor-element elementor-element-ba00be8 elementor-widget elementor-widget-image\" data-id=\"ba00be8\" data-element_type=\"widget\" data-e-type=\"widget\" data-widget_type=\"image.default\">\n\t\t\t\t<div class=\"elementor-widget-container\">\n\t\t\t\t\t\t\t\t\t\t\t\t\t\t\t<img fetchpriority=\"high\" decoding=\"async\" width=\"500\" height=\"500\" src=\"https:\/\/tecnometalesperu.com\/wp-content\/uploads\/2021\/11\/04.-500x500.jpg\" class=\"attachment-context-blog-default2 size-context-blog-default2 wp-image-2035\" alt=\"\" srcset=\"https:\/\/tecnometalesperu.com\/wp-content\/uploads\/2021\/11\/04.-500x500.jpg 500w, https:\/\/tecnometalesperu.com\/wp-content\/uploads\/2021\/11\/04.-150x150.jpg 150w, https:\/\/tecnometalesperu.com\/wp-content\/uploads\/2021\/11\/04.-450x450.jpg 450w, https:\/\/tecnometalesperu.com\/wp-content\/uploads\/2021\/11\/04.-106x106.jpg 106w, https:\/\/tecnometalesperu.com\/wp-content\/uploads\/2021\/11\/04.-560x560.jpg 560w\" sizes=\"(max-width: 500px) 100vw, 500px\" \/>\t\t\t\t\t\t\t\t\t\t\t\t\t\t\t<\/div>\n\t\t\t\t<\/div>\n\t\t\t\t\t<\/div>\n\t\t<\/div>\n\t\t\t\t<div class=\"elementor-column elementor-col-66 elementor-top-column elementor-element elementor-element-f29c77d\" data-id=\"f29c77d\" data-element_type=\"column\" data-e-type=\"column\">\n\t\t\t<div class=\"elementor-widget-wrap elementor-element-populated\">\n\t\t\t\t\t\t<div class=\"elementor-element elementor-element-10d302b elementor-widget elementor-widget-heading\" data-id=\"10d302b\" data-element_type=\"widget\" data-e-type=\"widget\" data-widget_type=\"heading.default\">\n\t\t\t\t<div class=\"elementor-widget-container\">\n\t\t\t\t\t<h2 class=\"elementor-heading-title elementor-size-default\">Trabajo A Bordo<\/h2>\t\t\t\t<\/div>\n\t\t\t\t<\/div>\n\t\t\t\t<div class=\"elementor-element elementor-element-c2c7ade elementor-widget elementor-widget-text-editor\" data-id=\"c2c7ade\" data-element_type=\"widget\" data-e-type=\"widget\" data-widget_type=\"text-editor.default\">\n\t\t\t\t<div class=\"elementor-widget-container\">\n\t\t\t\t\t\t\t\t\t<p>Ofrecemos para su empresa trabajos a bordo, contamos con la experiencia, capacitaciones permanentes y equipamientos necesarios para la realizaci\u00f3n del servicio, como son:<\/p><ul><li>*Trabajos de soldadura<\/li><li>*Trabajos de Oxipropano<\/li><li>*Trabajo de El\u00e9ctricos<\/li><li>*Trabajos Mec\u00e1nicos<\/li><li>*Trabajos de Limpieza y Pintado<\/li><li>*Trabajos de Calderer\u00eda<\/li><\/ul>\t\t\t\t\t\t\t\t<\/div>\n\t\t\t\t<\/div>\n\t\t\t\t\t<\/div>\n\t\t<\/div>\n\t\t\t\t\t<\/div>\n\t\t<\/section>\n\t\t\t\t<\/div>\n\t\t","protected":false},"excerpt":{"rendered":"<p>Trabajo A Bordo Ofrecemos para su empresa trabajos a bordo, contamos con la experiencia, capacitaciones permanentes y equipamientos necesarios para la realizaci\u00f3n del servicio, como son: *Trabajos de soldadura *Trabajos de Oxipropano *Trabajo de El\u00e9ctricos *Trabajos Mec\u00e1nicos *Trabajos de Limpieza y Pintado *Trabajos de Calderer\u00eda<\/p>\n","protected":false},"author":1,"featured_media":0,"parent":0,"menu_order":0,"comment_status":"closed","ping_status":"closed","template":"","meta":{"footnotes":""},"class_list":["post-1917","page","type-page","status-publish","hentry"],"_links":{"self":[{"href":"https:\/\/tecnometalesperu.com\/index.php?rest_route=\/wp\/v2\/pages\/1917","targetHints":{"allow":["GET"]}}],"collection":[{"href":"https:\/\/tecnometalesperu.com\/index.php?rest_route=\/wp\/v2\/pages"}],"about":[{"href":"https:\/\/tecnometalesperu.com\/index.php?rest_route=\/wp\/v2\/types\/page"}],"author":[{"embeddable":true,"href":"https:\/\/tecnometalesperu.com\/index.php?rest_route=\/wp\/v2\/users\/1"}],"replies":[{"embeddable":true,"href":"https:\/\/tecnometalesperu.com\/index.php?rest_route=%2Fwp%2Fv2%2Fcomments&post=1917"}],"version-history":[{"count":13,"href":"https:\/\/tecnometalesperu.com\/index.php?rest_route=\/wp\/v2\/pages\/1917\/revisions"}],"predecessor-version":[{"id":2110,"href":"https:\/\/tecnometalesperu.com\/index.php?rest_route=\/wp\/v2\/pages\/1917\/revisions\/2110"}],"wp:attachment":[{"href":"https:\/\/tecnometalesperu.com\/index.php?rest_route=%2Fwp%2Fv2%2Fmedia&parent=1917"}],"curies":[{"name":"wp","href":"https:\/\/api.w.org\/{rel}","templated":true}]}}